{"id":103,"date":"2016-02-29T22:23:00","date_gmt":"2016-02-29T22:23:00","guid":{"rendered":"http:\/\/www.bellmontdresses.com\/vestidosdegala\/?page_id=103"},"modified":"2018-01-18T16:00:35","modified_gmt":"2018-01-18T16:00:35","slug":"cursos","status":"publish","type":"page","link":"https:\/\/bellmontdresses.com\/vestidosdegala\/cursos\/","title":{"rendered":"Cursos"},"content":{"rendered":"<p><span style=\"font-size: 18pt; font-family: helvetica, arial, sans-serif; color: #000000;\"><em>T<\/em><\/span><span style=\"font-size: 18pt; font-family: helvetica, arial, sans-serif; color: #0000ff;\"><em><span style=\"color: #000000;\">enemos para t\u00ed, divertidos y \u00fatiles cursos libres para que aumentes tus habilidades, talentos y conocimientos para la vida\u00a1\u00a1\u00a1<\/span><\/em><\/span><\/p>\n<p><span style=\"font-size: 18pt; font-family: helvetica, arial, sans-serif; color: #000000;\"><em>Cursos libres en Dise\u00f1o de modas, Etiqueta y Protocolo, ingl\u00e9s de negocios, Dibujo, Ilustraci\u00f3n de modas, manualidades, yoga y muchos m\u00e1s&#8230; cont\u00e1ctanos ahora mismo y preguntanos por aquello que sea de tu inter\u00e9s\u00a1\u00a1\u00a1<\/em><\/span><\/p>\n","protected":false},"excerpt":{"rendered":"<p>Tenemos para t\u00ed, divertidos y \u00fatiles cursos libres para que aumentes tus habilidades, talentos y conocimientos para la vida\u00a1\u00a1\u00a1 Cursos libres en Dise\u00f1o de modas, Etiqueta y Protocolo, ingl\u00e9s de negocios, Dibujo, Ilustraci\u00f3n de modas, manualidades, yoga y muchos m\u00e1s&#8230; cont\u00e1ctanos ahora mismo y preguntanos por aquello que sea de tu inter\u00e9s\u00a1\u00a1\u00a1<\/p>\n","protected":false},"author":1,"featured_media":0,"parent":0,"menu_order":0,"comment_status":"closed","ping_status":"closed","template":"","meta":{"footnotes":""},"class_list":["post-103","page","type-page","status-publish","hentry"],"_links":{"self":[{"href":"https:\/\/bellmontdresses.com\/vestidosdegala\/wp-json\/wp\/v2\/pages\/103","targetHints":{"allow":["GET"]}}],"collection":[{"href":"https:\/\/bellmontdresses.com\/vestidosdegala\/wp-json\/wp\/v2\/pages"}],"about":[{"href":"https:\/\/bellmontdresses.com\/vestidosdegala\/wp-json\/wp\/v2\/types\/page"}],"author":[{"embeddable":true,"href":"https:\/\/bellmontdresses.com\/vestidosdegala\/wp-json\/wp\/v2\/users\/1"}],"replies":[{"embeddable":true,"href":"https:\/\/bellmontdresses.com\/vestidosdegala\/wp-json\/wp\/v2\/comments?post=103"}],"version-history":[{"count":6,"href":"https:\/\/bellmontdresses.com\/vestidosdegala\/wp-json\/wp\/v2\/pages\/103\/revisions"}],"predecessor-version":[{"id":202,"href":"https:\/\/bellmontdresses.com\/vestidosdegala\/wp-json\/wp\/v2\/pages\/103\/revisions\/202"}],"wp:attachment":[{"href":"https:\/\/bellmontdresses.com\/vestidosdegala\/wp-json\/wp\/v2\/media?parent=103"}],"curies":[{"name":"wp","href":"https:\/\/api.w.org\/{rel}","templated":true}]}}